{"id":36,"date":"2016-07-13T15:45:59","date_gmt":"2016-07-13T13:45:59","guid":{"rendered":"http:\/\/baillot-ferro-avocats.com\/?page_id=36"},"modified":"2016-07-13T15:45:59","modified_gmt":"2016-07-13T13:45:59","slug":"la-protection-juridique-et-la-garantie-defense-recours","status":"publish","type":"page","link":"https:\/\/baillot-ferro-avocats.com\/?page_id=36","title":{"rendered":"La protection juridique et la garantie d\u00e9fense recours"},"content":{"rendered":"<p>Une garantie d\u00e9fense recours est incluse dans la plupart des contrats Responsabilit\u00e9 Civile, soit en d\u00e9fense, soit en recours.<\/p>\n<p>La protection juridique est une convention r\u00e9gl\u00e9e par le Code des assurances, qu&#8217;une personne physique ou morale conclut avec un assureur par laquelle celui-ci s&#8217;engage \u00e0 prendre en charge les frais n\u00e9cessit\u00e9s par la d\u00e9fense des int\u00e9r\u00eats de l&#8217;assur\u00e9 et \u00e0 lui offrir une assistance en vue du r\u00e8glement de son diff\u00e9rend.<\/p>\n<p>Cette assurance peut \u00eatre compl\u00e9mentaire \u00e0 un contrat d&#8217;assurance automobile ou habitation ou \u00eatre souscrite par contrat s\u00e9par\u00e9.<\/p>\n<p><strong>Attention le choix de l\u2019avocat ne peut \u00eatre en aucun cas impos\u00e9 par la compagnie d\u2019assurance.<\/strong><\/p>\n","protected":false},"excerpt":{"rendered":"<p>Une garantie d\u00e9fense recours est incluse dans la plupart des contrats Responsabilit\u00e9 Civile, soit en d\u00e9fense, soit en recours. La protection juridique est une convention r\u00e9gl\u00e9e par le Code des assurances, qu&#8217;une personne physique ou morale conclut avec un assureur par laquelle celui-ci s&#8217;engage \u00e0 prendre en charge les frais n\u00e9cessit\u00e9s par la d\u00e9fense des [&hellip;]<\/p>\n","protected":false},"author":1,"featured_media":0,"parent":0,"menu_order":0,"comment_status":"closed","ping_status":"closed","template":"tpl-fullwidth.php","meta":[],"yoast_head":"<!-- This site is optimized with the Yoast SEO plugin v16.2 - https:\/\/yoast.com\/wordpress\/plugins\/seo\/ -->\n<title>La protection juridique et la garantie d\u00e9fense recours - Baillot Ferro avocats \u00e0 la cour<\/title>\n<meta name=\"robots\" content=\"index, follow, max-snippet:-1, max-image-preview:large, max-video-preview:-1\" \/>\n<link rel=\"canonical\" href=\"https:\/\/baillot-ferro-avocats.com\/?page_id=36\" \/>\n<meta property=\"og:locale\" content=\"fr_FR\" \/>\n<meta property=\"og:type\" content=\"article\" \/>\n<meta property=\"og:title\" content=\"La protection juridique et la garantie d\u00e9fense recours - Baillot Ferro avocats \u00e0 la cour\" \/>\n<meta property=\"og:description\" content=\"Une garantie d\u00e9fense recours est incluse dans la plupart des contrats Responsabilit\u00e9 Civile, soit en d\u00e9fense, soit en recours. La protection juridique est une convention r\u00e9gl\u00e9e par le Code des assurances, qu&#8217;une personne physique ou morale conclut avec un assureur par laquelle celui-ci s&#8217;engage \u00e0 prendre en charge les frais n\u00e9cessit\u00e9s par la d\u00e9fense des [&hellip;]\" \/>\n<meta property=\"og:url\" content=\"https:\/\/baillot-ferro-avocats.com\/?page_id=36\" \/>\n<meta property=\"og:site_name\" content=\"Baillot Ferro avocats \u00e0 la cour\" \/>\n<meta name=\"twitter:card\" content=\"summary_large_image\" \/>\n<meta name=\"twitter:label1\" content=\"Dur\u00e9e de lecture est.\">\n\t<meta name=\"twitter:data1\" content=\"1 minute\">\n<script type=\"application\/ld+json\" class=\"yoast-schema-graph\">{\"@context\":\"https:\/\/schema.org\",\"@graph\":[{\"@type\":\"Organization\",\"@id\":\"https:\/\/baillot-ferro-avocats.com\/#organization\",\"name\":\"Baillot-Ferro\",\"url\":\"https:\/\/baillot-ferro-avocats.com\/\",\"sameAs\":[],\"logo\":{\"@type\":\"ImageObject\",\"@id\":\"https:\/\/baillot-ferro-avocats.com\/#logo\",\"inLanguage\":\"fr-FR\",\"url\":\"http:\/\/baillot-ferro-avocats.com\/wp-content\/uploads\/2016\/10\/BF_Logo_MonoTon.png\",\"contentUrl\":\"http:\/\/baillot-ferro-avocats.com\/wp-content\/uploads\/2016\/10\/BF_Logo_MonoTon.png\",\"width\":273,\"height\":100,\"caption\":\"Baillot-Ferro\"},\"image\":{\"@id\":\"https:\/\/baillot-ferro-avocats.com\/#logo\"}},{\"@type\":\"WebSite\",\"@id\":\"https:\/\/baillot-ferro-avocats.com\/#website\",\"url\":\"https:\/\/baillot-ferro-avocats.com\/\",\"name\":\"Baillot Ferro avocats \\u00e0 la cour\",\"description\":\"\",\"publisher\":{\"@id\":\"https:\/\/baillot-ferro-avocats.com\/#organization\"},\"potentialAction\":[{\"@type\":\"SearchAction\",\"target\":\"https:\/\/baillot-ferro-avocats.com\/?s={search_term_string}\",\"query-input\":\"required name=search_term_string\"}],\"inLanguage\":\"fr-FR\"},{\"@type\":\"WebPage\",\"@id\":\"https:\/\/baillot-ferro-avocats.com\/?page_id=36#webpage\",\"url\":\"https:\/\/baillot-ferro-avocats.com\/?page_id=36\",\"name\":\"La protection juridique et la garantie d\\u00e9fense recours - Baillot Ferro avocats \\u00e0 la cour\",\"isPartOf\":{\"@id\":\"https:\/\/baillot-ferro-avocats.com\/#website\"},\"datePublished\":\"2016-07-13T13:45:59+00:00\",\"dateModified\":\"2016-07-13T13:45:59+00:00\",\"breadcrumb\":{\"@id\":\"https:\/\/baillot-ferro-avocats.com\/?page_id=36#breadcrumb\"},\"inLanguage\":\"fr-FR\",\"potentialAction\":[{\"@type\":\"ReadAction\",\"target\":[\"https:\/\/baillot-ferro-avocats.com\/?page_id=36\"]}]},{\"@type\":\"BreadcrumbList\",\"@id\":\"https:\/\/baillot-ferro-avocats.com\/?page_id=36#breadcrumb\",\"itemListElement\":[{\"@type\":\"ListItem\",\"position\":1,\"item\":{\"@type\":\"WebPage\",\"@id\":\"https:\/\/baillot-ferro-avocats.com\/\",\"url\":\"https:\/\/baillot-ferro-avocats.com\/\",\"name\":\"Accueil\"}},{\"@type\":\"ListItem\",\"position\":2,\"item\":{\"@id\":\"https:\/\/baillot-ferro-avocats.com\/?page_id=36#webpage\"}}]}]}<\/script>\n<!-- \/ Yoast SEO plugin. -->","_links":{"self":[{"href":"https:\/\/baillot-ferro-avocats.com\/index.php?rest_route=\/wp\/v2\/pages\/36"}],"collection":[{"href":"https:\/\/baillot-ferro-avocats.com\/index.php?rest_route=\/wp\/v2\/pages"}],"about":[{"href":"https:\/\/baillot-ferro-avocats.com\/index.php?rest_route=\/wp\/v2\/types\/page"}],"author":[{"embeddable":true,"href":"https:\/\/baillot-ferro-avocats.com\/index.php?rest_route=\/wp\/v2\/users\/1"}],"replies":[{"embeddable":true,"href":"https:\/\/baillot-ferro-avocats.com\/index.php?rest_route=%2Fwp%2Fv2%2Fcomments&post=36"}],"version-history":[{"count":1,"href":"https:\/\/baillot-ferro-avocats.com\/index.php?rest_route=\/wp\/v2\/pages\/36\/revisions"}],"predecessor-version":[{"id":37,"href":"https:\/\/baillot-ferro-avocats.com\/index.php?rest_route=\/wp\/v2\/pages\/36\/revisions\/37"}],"wp:attachment":[{"href":"https:\/\/baillot-ferro-avocats.com\/index.php?rest_route=%2Fwp%2Fv2%2Fmedia&parent=36"}],"curies":[{"name":"wp","href":"https:\/\/api.w.org\/{rel}","templated":true}]}}